{"id":7099,"date":"2019-01-30T20:06:41","date_gmt":"2019-01-30T20:06:41","guid":{"rendered":"https:\/\/amerilawyer-blog.local\/?page_id=7099"},"modified":"2021-12-13T17:26:26","modified_gmt":"2021-12-13T22:26:26","slug":"incorporar","status":"publish","type":"page","link":"https:\/\/www.amerilawyer.com\/blog\/incorporar","title":{"rendered":"Todo lo que necesitas saber para incorporar"},"content":{"rendered":"<div style=\"margin-left: 10%; margin-right: 10%; font-size: 17px\">\n<div align=\"center\">\n<h1 style=\"font-size: 40px; margin-bottom:0px; font-family:'arial black'\">Todo lo que necesitas saber para incorporar<\/h1>\n<\/div>\n<p align=\"justify\" style=\"margin-top:0px\">Incorporar su negocio lo convierte en una entidad legal a la que el estado otorga ciertos poderes. Es propiedad de los accionistas que comparten las ganancias y p\u00e9rdidas de la corporaci\u00f3n. Est\u00e1 guiado por directores que act\u00faan como una legislatura y deciden decisiones comerciales importantes de forma peri\u00f3dica. Estas decisiones las lleva a cabo el presidente de la corporaci\u00f3n y los dem\u00e1s funcionarios, como el secretario y el tesorero. Hay muchas ventajas para incorporar.<\/p>\n<div align=\"center\" style=\"margin-bottom:0px; margin-top:30px\">Complete sus datos a continuaci\u00f3n y obtenga un <strong>Paquete de Informaci\u00f3n<\/strong> <font style=\"color: red; font-weight: bold\">GRATUITO<\/font>; conocimiento extremadamente valioso.<\/div>\n<div style=\"font-size: 12px; margin-top: 0px; border-radius:5px\">\n<!-- Shortcode [spanish-contact-form] does not exist -->\n<\/div>\n<h2 style=\"margin-bottom: 0px; margin-top: 30px; font-size: 24px; font-family:'arial black'\">BENEFICIOS DE INCORPORAR Y CON UN ABOGADO CORPORATIVO<\/h2>\n<div align=\"justify\">Cuando te incorporas, te est\u00e1s protegiendo de la responsabilidad personal. Tambi\u00e9n podr\u00e1 aprovechar inmediatamente el sistema tributario. La incorporaci\u00f3n le permite hacer uso de un marco de mercadotecnia y esto a su vez hace que sea mucho m\u00e1s f\u00e1cil recaudar capital y establecer cr\u00e9dito corporativo. Una Corporaci\u00f3n tambi\u00e9n puede aprovechar las leyes estatales que le otorgan privacidad. Ciertos estados permiten que se establezca una Corporaci\u00f3n de tal manera que los accionistas permanezcan en el anonimato, y muchas veces, se puede lograr el mismo anonimato para los funcionarios o directores. En la mayor\u00eda de los estados, los funcionarios y directores son divulgados, sin embargo, los accionistas permanecen en el anonimato. Finalmente, una estructura corporativa puede resultar en una transferencia de propiedad m\u00e1s f\u00e1cil cuando se trata de varios activos.<\/div>\n<div align=\"center\" style=\"margin-top: 30px\"><div align=\"center\">\r\n<div style=\"display:inline-block; border:none; border-radius: 5px 5px 0px 0px; margin-bottom:2px; width:99%; background: #000080; color: #FFFFFF; font-size: x-large\"><strong style=\"font-family:'arial black'\">COMENZANDO UNA CORPORACION<\/strong><\/div>\r\n<div style=\"display:inline-block; width:99%; margin-top:0px; margin-bottom:0px\">\r\n<table style=\"width:99%; margin-top:0px; border-collapse: collapse; border:0 important!; background-image: url('https:\/\/amerilawyer-blog.local\/wp-content\/uploads\/2019\/01\/slope-table-background.jpg');\">\r\n<tr><th style=\"width:33%; border:none; color: #FFFFFF; background-color: #000080; border-radius: 0px 0px 0px 0px;\">CON NOSOTROS<\/th>\r\n\t<th style=\"width:33%; border:none; color: #FFFFFF; background-color: #000080;\">COMPETIDOR<\/th>\r\n\t<th style=\"width:33%; border:none; color: #FFFFFF; background-color: #000080; border-radius: 0px 0px 0px 0px\">POR T\u00cd MISMO<\/th>\r\n\t<\/tr>\r\n<tr><td style=\"width:33%; border:none; text-align: left; height: 0px; \"><span style=\"color: #FF0000\">\u2714<\/span> \r\n\t<span style=\"background-color: #FFFF00; border-radius: 5px\">Incluye tarifa de presentaci\u00f3n del estado!<\/span><\/td>\r\n\t<td style=\"width:33%; text-align: left; border:none; height: 0px; \">\r\n\t\u2714 Articulos de incorporaci\u00f3n<\/td>\r\n\t<td style=\"width:33%; border:none; text-align: left; height: 0px; \">\r\n\t<span style=\"color: #000000\">\u2714<\/span> \r\n\tArticulos de incorporaci\u00f3n<\/td>\r\n\t<\/tr>\r\n<tr><td style=\"width:33%; text-align: left; border:none; height: 0px; \"><span style=\"color: #FF0000\">\u2714<\/span> Libro corporativo y sello<\/td>\r\n\t<td style=\"width:33%; border:none; text-align: left; \">\u2714 \r\n\tEstatutos<\/td><td style=\"width:33%; border:none;\"><\/td>\r\n\t<\/tr>\r\n<tr><td style=\"width:33%; border:none; text-align: left; height: 0px; \"><span style=\"color: #FF0000\">\u2714<\/span> \r\n\tArticulos de incorporaci\u00f3n<\/td>\r\n\t<td style=\"width:33%; border:none; text-align: left; \">\u2714 Despeje de Nombre Preliminar<\/td><td style=\"width:33%; border:none;\"><\/td>\r\n\t<\/tr>\r\n<tr><td style=\"width:33%; border:none; text-align: left; height: 0px; \"><span style=\"color: #FF0000\">\u2714<\/span> Minutos corporativos<\/td>\r\n\t<td style=\"width:33%; border:none; text-align: left; \">\u2718 No abogado; Sin asesoramiento legal<\/td><td style=\"width:33%; border:none;\"><\/td>\r\n\t<\/tr>\r\n<tr><td style=\"width:33%; border:none; text-align: left; height: 0px; \"><span style=\"color: #FF0000\">\u2714<\/span> Estatutos Sociales<\/td>\r\n\t<td style=\"width:33%; border:none; text-align: left; \">\u2718 \r\n\tNo hay kit corporativo completo<\/td><td style=\"width:33%; border:none;\"><\/td>\r\n\t<\/tr>\r\n<tr><td style=\"width:33%; border:none; text-align: left; height: 0px; \"><span style=\"color: #FF0000\">\u2714<\/span> Registro de propiedad<\/td>\r\n\t<td style=\"width:33%; border:none; text-align: left; \">\u2718 Cargos tarifa de presentaci\u00f3n del estado<\/td><td style=\"width:33%; border:none;\"><\/td>\r\n\t<\/tr>\r\n<tr><td style=\"width:33%; border:none; text-align: left; height: 0px; \"><span style=\"color: #FF0000\">\u2714<\/span> Resoluci\u00f3n Bancaria<\/td><td style=\"width:33%; border:none;\"><\/td><td style=\"width:33%; border:none;\"><\/td><\/tr>\r\n<tr><td style=\"width:33%; border:none; text-align: left; height: 0px; \"><span style=\"color: #FF0000\">\u2714<\/span> Stock Certificate<\/td><td style=\"width:33%; border:none;\"><\/td><td style=\"width:33%; border:none;\"><\/td><\/tr>\r\n<tr><td style=\"width:33%; border:none; text-align: left; height: 0px; \"><span style=\"color: #FF0000\">\u2714<\/span> Preliminary Name Search<\/td><td style=\"width:33%; border:none;\"><\/td><td style=\"width:33%; border:none;\"><\/td><\/tr>\r\n<tr><td style=\"width:33%; border:none; text-align: left; height: 0px; \"><span style=\"color: #FF0000\">\u2605<\/span> \r\n\tAsesoramiento legal gratuito<\/td><td style=\"width:33%; border:none;\"><\/td><td style=\"width:33%; border:none;\"><\/td><\/tr>\r\n\r\n<tr><td style=\"width:33%; border:none; text-align: left; height: 0px; \"><span style=\"color: #FF0000\">\u2605<\/span> \r\n\tGarant\u00eda de precio m\u00e1s bajo 110%<\/td><td style=\"width:33%; border:none; height: 0px;\"><\/td>\r\n\t<td style=\"width:33%; border:none; height: 0px;\"><\/td><\/tr>\r\n\t<tr style=\"margin-bottom:2px\">\r\n\t\t<th style=\"width:33%; margin-bottom: 2px; border:none; color: #FFFFFF; background-color: #FF0000; border-radius: 5px 5px 0px 0px; font-family:'arial black'; height: 0px;\">\r\n\t\t<a href=\"https:\/\/www.amerilawyer.com\/order.htm\" style=\"text-decoration: none\"><strong style=\"color: white\">ORDENAR AHORA<\/strong><\/a><\/th>\r\n\t<th style=\"width:33%; border:none; color: #FFFFFF; height: 0px;\"><\/th>\r\n\t<th style=\"width:33%; border:none; color: #FFFFFF; height: 0px;\">Spiegel & Utrera, P.A.<\/th>\r\n\t<\/tr>\r\n\t<tr style=\"margin-top:2px; border-top: 2px #ffffff\">\r\n\t\t<th style=\"width:33%; border:none; color: #FFFFFF; background-color: #000080; border-radius: 0px 0px 0px 5px\"><\/th>\r\n\t<th style=\"width:33%; border:none; color: #FFFFFF; background-color: #000080;\"><\/th>\r\n\t<th style=\"width:33%; border:none; color: #FFFFFF; background-color: #000080; color: white; border-radius: 0px 0px 5px 0px\">Spiegel & Utrera, P.A.<\/th>\r\n\t<\/tr>\r\n<\/table>\r\n<\/div>\r\n<\/div>\r\n<\/div>\n<h3 style=\"margin-bottom: 0px; margin-top: 20px; font-size: 24px; font-family:'arial black'\">INCORPORAR CON EL KIT CORPORATIVO COMPLETO<\/h3>\n<p style=\"margin-top:0px\">Al incorporar, el kit corporativo incluye documentos que pueden ser requeridos por los funcionarios estatales, federales y corporativos y puede ser un enlace importante para varios asuntos corporativos, tales como:<\/p>\n<ul>\n<li>Licencias: debido a que muchas autoridades de licencias requieren documentaci\u00f3n corporativa durante un per\u00edodo prolongado de tiempo, el libro de actas corporativo es necesario para justificar la informaci\u00f3n.<\/li>\n<li>Auditor\u00edas: Debido a que su libro de actas corporativo ser\u00e1 probablemente el registro corporativo m\u00e1s completo que tenga, en caso de que se realice una auditor\u00eda, es probable que se desee su contenido. Hay situaciones en las que es posible que el Servicio de Impuestos Internos y las autoridades fiscales estatales deseen revisar su libro de actas corporativo.<\/li>\n<li>Pr\u00e9stamo de dinero: los bancos deben hacer la diligencia debida para satisfacerse antes de comprometerse a prestar sumas de dinero a una corporaci\u00f3n. El libro corporativo de actas ser\u00e1 revisado por ellos.<\/li>\n<li>Inversores: muchos inversores pueden querer ver su libro de actas corporativo antes de invertir en su empresa. Si no puede proporcionar esto, es posible que est\u00e9n menos dispuestos a invertir.<\/li>\n<table>\n<tr style=\"border:none\">\n<td style=\"border:none\">\n<div style=\"margin-top:10px; margin-bottom:0px; display:inline-block\">\n<div style=\"margin-top:0px\">\n<b>KIT CORPORATIVO COMPLETO cuando te incorporas con nosotros:<\/b><br \/>\n<u style=\"color:red; font-weight:bold\">INCLUYE<\/u> Tarifa de presentaci\u00f3n estatal,<br \/>\n<u style=\"color:red; font-weight:bold\">INCLUYE<\/u> Sello y libro corporativo o de la empresa<br \/>\n<u style=\"color:red; font-weight:bold\">INCLUYE<\/u> Certificado o Art\u00edculos de Incorporaci\u00f3n u Organizaci\u00f3n<br \/>\n<u style=\"color:red; font-weight:bold\">INCLUYE<\/u> Minutos de la empresa o corporativos<br \/>\n<u style=\"color:red; font-weight:bold\">INCLUYE<\/u> Regulaciones corporativas o LLC<br \/>\n<u style=\"color:red; font-weight:bold\">INCLUYE<\/u> Registro de propiedad corporativa o LLC<br \/>\n<u style=\"color:red; font-weight:bold\">INCLUYE<\/u> Resoluci\u00f3n Bancaria<br \/>\n<u style=\"color:red; font-weight:bold\">INCLUYE<\/u> Membres\u00eda o certificado de acciones<br \/>\n<u style=\"color:red; font-weight:bold\">INCLUYE<\/u> B\u00fasqueda de nombre preliminar<br \/>\n<u style=\"color:red; font-weight:bold\">INCLUYE<\/u> Garant\u00eda de precio m\u00e1s bajo 110% <em style=\"font-weight:bold\">!<\/em><\/p>\n<p>S\u00ed, incluso <u style=\"font-weight:bold\">incluye asesoramiento legal gratuito<\/u><\/p>\n<p style=\"margin-top:-10px; font-weight:bold\"><a href=\"https:\/\/www.amerilawyer.com\/incredibleprices.htm\">\u00bfCu\u00e1l es el secreto de estos precios tan buenos?<\/a><\/p>\n<style>\r\n.myButton {\r\n\t-moz-box-shadow: 1px 2px 0px 0px #939393;\r\n\t-webkit-box-shadow: 1px 2px 0px 0px #939393;\r\n\tbox-shadow: 1px 2px 0px 0px #939393;\r\n\tbackground:-webkit-gradient(linear, left top, left bottom, color-stop(0.05, #ff0000), color-stop(1, #e53737));\r\n\tbackground:-moz-linear-gradient(top, #ff00005%, #e53737100%);\r\n\tbackground:-webkit-linear-gradient(top, #ff00005%, #e53737100%);\r\n\tbackground:-o-linear-gradient(top, #ff00005%, #e53737100%);\r\n\tbackground:-ms-linear-gradient(top, #ff00005%, #e53737100%);\r\n\tbackground:linear-gradient(to bottom, #ff00005%, #e53737100%);\r\n\tfilter:progid:DXImageTransform.Microsoft.gradient(startColorstr='#ff7979', endColorstr='#e53737',GradientType=0);\r\n\tbackground-color:#000000;\r\n\t-moz-border-radius:5px;\r\n\t-webkit-border-radius:5px;\r\n\tborder-radius:5px;\r\n\tborder:1px solid #cdcdcd;\r\n\tdisplay:inline-block;\r\n\tcursor:pointer;\r\n\tcolor:FCFCFC;\r\n\tfont-family:Arial;\r\n\tfont-size:17px;\r\n\tfont-weight:bold;\r\n\tpadding:6px 22px;\r\n\ttext-decoration:none;\r\n\ttext-shadow:0px 1px 0px #cc5252;\r\nmargin-bottom: 20px;\r\n}\r\n.myButton:hover {\r\n\tbackground:-webkit-gradient(linear, left top, left bottom, color-stop(0.05, #e53737), color-stop(1, #700000));\r\n\tbackground:-moz-linear-gradient(top, #e537375%, #700000100%);\r\n\tbackground:-webkit-linear-gradient(top, #e537375%, #700000100%);\r\n\tbackground:-o-linear-gradient(top, #e537375%, #700000100%);\r\n\tbackground:-ms-linear-gradient(top, #e537375%, #700000100%);\r\n\tbackground:linear-gradient(to bottom, #e537375%, #700000100%);\r\n\tfilter:progid:DXImageTransform.Microsoft.gradient(startColorstr='#e537375', endColorstr='#700000',GradientType=0);\r\n\tbackground-color:#e53737;\r\n}\r\n.myButton:active {\r\n\tposition:relative;\r\n\ttop:1px;\r\n}\r\n<\/style>\n<div align=\"left\" style=\"margin-top:10px\"><a href=\"https:\/\/www.amerilawyer.com\/order.htm\" class=\"myButton\" style=\"color: white; font-family: 'arial black'\">\u00a1INCORPORAR TU NEGOCIO!<\/a><\/div>\n<\/div>\n<\/div>\n<\/td>\n<td style=\"border:none;\">\n<img loading=\"lazy\" decoding=\"async\" src=\"https:\/\/amerilawyer-blog.local\/wp-content\/uploads\/2019\/01\/corporate-kit400x400-1.png\" alt=\"incorporar\" width=\"400\" height=\"400\" class=\"alignnone size-full wp-image-5828\" srcset=\"https:\/\/www.amerilawyer.com\/blog\/wp-content\/uploads\/2019\/01\/corporate-kit400x400-1.png 400w, https:\/\/www.amerilawyer.com\/blog\/wp-content\/uploads\/2019\/01\/corporate-kit400x400-1-150x150.png 150w, https:\/\/www.amerilawyer.com\/blog\/wp-content\/uploads\/2019\/01\/corporate-kit400x400-1-300x300.png 300w, https:\/\/www.amerilawyer.com\/blog\/wp-content\/uploads\/2019\/01\/corporate-kit400x400-1-144x144.png 144w\" sizes=\"auto, (max-width: 400px) 100vw, 400px\" \/>\n<\/td>\n<\/tr>\n<\/table>\n<div style=\"border-top: solid 1px #000000\"><\/div>\n<h4 style=\"margin-bottom: 0px; margin-top: 20px; font-size: 24px; font-family:'arial black'\">INCORPORAR UNA CORPORACI\u00d3N DE SUBCAP\u00cdTULO \u2018C\u2019<\/h4>\n<div align=\"justify\">Una corporaci\u00f3n C es el tipo m\u00e1s com\u00fan de estructura empresarial y se sabe que es la corporaci\u00f3n est\u00e1ndar. Los directores lideran la Corporaci\u00f3n C como una especie de consejo que decide sobre importantes decisiones comerciales. Tiene funcionarios que administran los diferentes elementos y departamentos de la Corporaci\u00f3n C y accionistas que poseen un porcentaje de la Corporaci\u00f3n C como acciones. Una corporaci\u00f3n C puede tener m\u00faltiples tipos de acciones, un n\u00famero ilimitado de accionistas, la libertad de vender acciones libremente y un potencial infinito de crecimiento. C Corporations file on <a href=\"https:\/\/www.irs.gov\/pub\/irs-pdf\/f1120.pdf\" rel=\"noopener noreferrer\" target=\"_blank\">Form 1120.<\/a><\/div>\n<h5 style=\"margin-bottom: 0px; margin-top: 20px; font-size: 24px; font-family:'arial black'\">INCORPORAR UNA CORPORACI\u00d3N DE SUBCAP\u00cdTULO \u2018S\u2019<\/h5>\n<div align=\"justify\">\u00a1Una corporaci\u00f3n S es la clase de corporaci\u00f3n m\u00e1s ventajosa para los impuestos que puede poseer! Debes cumplir algunos requisitos para formar una Corporaci\u00f3n S, pero podr\u00e1s disfrutar de distintas ventajas. Al igual que una corporaci\u00f3n C, puede tener accionistas y acciones, pero no puede tener m\u00e1s de una clase de acciones y 100 accionistas. Tampoco puede establecer una Corporaci\u00f3n S si su negocio es un banco o una compa\u00f1\u00eda de seguros. Al igual que la corporaci\u00f3n C y la empresa de responsabilidad limitada, tambi\u00e9n recibe el estado de responsabilidad limitada. Obtiene impuestos de traspaso, y solo paga impuestos por los ingresos de su negocio en una declaraci\u00f3n personal; evitando la doble imposici\u00f3n de una corporaci\u00f3n C. Aunque si tiene empleados, es posible que tambi\u00e9n deba pagar impuestos sobre el empleo.<\/p>\n<p style=\"font-weight:bold\">Requisitos para incorporar una corporaci\u00f3n S:<\/p>\n<ul>\n<li>No es una corporaci\u00f3n no elegible (como un banco, una compa\u00f1\u00eda de seguros, una corporaci\u00f3n de posesiones o una corporaci\u00f3n de ventas internacionales);<\/li>\n<li>No tiene m\u00e1s de 100 accionistas (los c\u00f3nyuges y las familias ahora se cuentan como un solo accionista);<\/li>\n<li>No tiene accionistas que no sean individuos, patrimonios, ciertos fideicomisos o ciertas organizaciones exentas de impuestos;<\/li>\n<li>No tiene accionistas extranjeros no residentes; y<\/li>\n<li>No tiene m\u00e1s de una clase de acciones (es decir, tiene solo acciones comunes, no tanto comunes como preferidas).<\/li>\n<\/ul>\n<\/div>\n<h6 style=\"margin-bottom: 0px; margin-top: 20px; font-size: 24px; font-family:'arial black'\">INCORPORAR UNA CORPORACI\u00d3N SIN FINES DE LUCRO<\/h6>\n<div align=\"justify\">Una corporaci\u00f3n sin fines de lucro es una entidad comercial incorporada a nivel estatal donde no hay propietarios de capital que posean acciones. Adem\u00e1s, ninguno de los ingresos corporativos es distribuible a miembros, directores o funcionarios. En cambio, tales corporaciones sin fines de lucro generalmente son controladas por miembros que eligen una junta directiva.<\/div>\n<h6 style=\"margin-bottom: 0px; margin-top: 40px; font-size: 24px; font-family:'arial black'\">\u00bfPOR QU\u00c9 ELEGIRNOS PARA INCORPORAR Y CREAR UNA EMPRESA?<\/h6>\n<div align=\"justify\">Spiegel &#038; Utrera, P.A. le brinda informaci\u00f3n, orientaci\u00f3n y asesoramiento en base a nuestros 175 a\u00f1os de experiencia legal. El uso de un bufete de abogados para incorporar y organizar su Corporaci\u00f3n, LLC, Sin fines de lucro o asociaci\u00f3n asegurar\u00e1 que todas sus bases est\u00e9n cubiertas.<\/p>\n<p><strong>Obtiene incorporaci\u00f3n, un kit corporativo completo y asesoramiento legal por casi el mismo precio que si lo hiciera usted mismo.<\/strong> Ll\u00e1menos al <a href=\"tel:1-800-603-3900\">1-800-603-3900<\/a> para hacer un pedido por tel\u00e9fono, hacer cualquier pregunta o comenzar su negocio en l\u00ednea:<\/p>\n<\/div>\n<div style=\"margin-top:30px; margin-bottom: 30px\">\n\n<div class=\"wpcf7 no-js\" id=\"wpcf7-f7125-o1\" lang=\"en\" dir=\"ltr\" data-wpcf7-id=\"7125\">\n<div class=\"screen-reader-response\"><p role=\"status\" aria-live=\"polite\" aria-atomic=\"true\"><\/p> <ul><\/ul><\/div>\n<form action=\"\/blog\/wp-json\/wp\/v2\/pages\/7099#wpcf7-f7125-o1\" method=\"post\" class=\"wpcf7-form init\" aria-label=\"Contact form\" novalidate=\"novalidate\" data-status=\"init\">\n<fieldset class=\"hidden-fields-container\"><input type=\"hidden\" name=\"_wpcf7\" value=\"7125\" \/><input type=\"hidden\" name=\"_wpcf7_version\" value=\"6.1\" \/><input type=\"hidden\" name=\"_wpcf7_locale\" value=\"en\" \/><input type=\"hidden\" name=\"_wpcf7_unit_tag\" value=\"wpcf7-f7125-o1\" \/><input type=\"hidden\" name=\"_wpcf7_container_post\" value=\"0\" \/><input type=\"hidden\" name=\"_wpcf7_posted_data_hash\" value=\"\" \/>\n<\/fieldset>\n<div align=\"center\" style=\"background: #feffb4; padding-left:20px; padding-right:20px; border-top: solid 1px #000000; border-bottom: solid 1px #000000\">\n\t<table style=\"border:none\">\n\t\t<tr>\n\t\t\t<td style=\"border:none\">\n\t\t\t\t<p><label> Tu Nombre (requerido)<br \/>\n<span class=\"wpcf7-form-control-wrap\" data-name=\"your-name\"><input size=\"40\" maxlength=\"400\" class=\"wpcf7-form-control wpcf7-text wpcf7-validates-as-required\" aria-required=\"true\" aria-invalid=\"false\" value=\"\" type=\"text\" name=\"your-name\" \/><\/span> <\/label>\n\t\t\t\t<\/p>\n\t\t\t<\/td>\n\t\t<\/tr>\n\t\t<tr>\n\t\t\t<td style=\"border:none\">\n\t\t\t\t<p><label> N\u00famero de Tel\u00e9fono (requerido)<br \/>\n<span class=\"wpcf7-form-control-wrap\" data-name=\"phone-number\"><input size=\"40\" maxlength=\"400\" class=\"wpcf7-form-control wpcf7-text wpcf7-validates-as-required\" aria-required=\"true\" aria-invalid=\"false\" value=\"\" type=\"text\" name=\"phone-number\" \/><\/span> <\/label>\n\t\t\t\t<\/p>\n\t\t\t<\/td>\n\t\t<\/tr>\n\t\t<tr>\n\t\t\t<td style=\"border:none\">\n\t\t\t\t<p><label> Tu Correo Electr\u00f3nico (requerido)<br \/>\n<span class=\"wpcf7-form-control-wrap\" data-name=\"your-email\"><input size=\"40\" maxlength=\"400\" class=\"wpcf7-form-control wpcf7-email wpcf7-validates-as-required wpcf7-text wpcf7-validates-as-email\" aria-required=\"true\" aria-invalid=\"false\" value=\"\" type=\"email\" name=\"your-email\" \/><\/span> <\/label>\n\t\t\t\t<\/p>\n\t\t\t<\/td>\n\t\t<\/tr>\n\t\t<tr>\n\t\t\t<td style=\"border:none\">\n\t\t\t\t<p><label><\/label>\n\t\t\t\t<\/p>\n\t\t\t\t<div style=\"font-size:33px; font-weight:bold\">\n\t\t\t\t\t<p>&#8595; DEJA UNA PREGUNTA &#8595;\n\t\t\t\t\t<\/p>\n\t\t\t\t<\/div>\n\t\t\t\t<p><span class=\"wpcf7-form-control-wrap\" data-name=\"text-428\"><input size=\"40\" maxlength=\"400\" class=\"wpcf7-form-control wpcf7-text\" aria-invalid=\"false\" value=\"\" type=\"text\" name=\"text-428\" \/><\/span>Espere una respuesta dentro de las pr\u00f3ximas 4 horas &#x1F553;\n\t\t\t\t<\/p>\n\t\t\t<\/td>\n\t\t<\/tr>\n\t\t<tr>\n\t\t\t<td align=\"center\" style=\"border:none; font-size: 20px; \">\n\t\t\t\t<p><input class=\"wpcf7-form-control wpcf7-submit has-spinner\" type=\"submit\" value=\"Enviar Informaci\u00f3n\" \/>\n\t\t\t\t<\/p>\n\t\t\t<\/td>\n\t\t<\/tr>\n\t<\/table>\n<\/div><div class=\"wpcf7-response-output\" aria-hidden=\"true\"><\/div>\n<\/form>\n<\/div>\n\n<\/div>\n<div align=\"center\">\n<div style=\"font-family:'arial black'; font-size:36px; margin-bottom:0px; background-color: #ffffff; color: black; width: 50%; padding-left: 10px; padding-right: 10px; border-radius: 5px 5px 0px 0px\">Spiegel &#038; Utrera, P.A.<\/div>\n<div style=\"border: solid 2px #ffffff; width: 50%; padding: 10px\">\nD\u00edas de semana de 8:30am a 5:30pm (EST)<br \/>\n<a href=\"https:\/\/www.amerilawyer.com\/paygc.htm\"><br \/>\nAsesoramiento legal ilimitado: $139.95 Por a\u00f1o<\/a><br \/>\n<a href=\"https:\/\/www.amerilawyer.com\/contact.htm\">9 ubicaciones en 9 estados americanos<\/a><br \/>\n<a href=\"tel:1-800-603-3900\">1-800-603-3900<\/a>\n<\/div>\n<\/div>\n<\/div>\n<div style=\"font-size:11px\">\n<div align=\"center\" style=\"margin-left:10%; margin-right:10%; margin-top:30px\">\r\n<div align=\"center style=\"margin-bottom: 0px\"><span itemscope=\"\" itemtype=\"http:\/\/data-vocabulary.org\/Review\">\r\n<meta content=\"Spiegel & Utrera, P.A.\" itemprop=\"itemreviewed\">\r\n<meta content=\"5\" itemprop=\"rating\">\r\n<span itemprop=\"reviewer\">Gonzalo Estrada<\/span><\/span><\/div>\r\n<p style=\"margin-top:0px; font-size:20px; color: #fbbc04\">\u2605\u2605\u2605\u2605\u2605<\/p>\r\n<div style=\"margin-top:-20px\"><span itemprop=\"description\"><em>Great service, great price. Very professional law firm.  Staff Is extremely helpful and knowledgeable. Thank you Spiegel & Utrera for helping  me start my company.<\/em><\/span><\/div><\/div>\n<\/div>\n<\/div>\n","protected":false},"excerpt":{"rendered":null,"protected":false},"author":2,"featured_media":0,"parent":0,"menu_order":0,"comment_status":"closed","ping_status":"closed","template":"template\/full-width.php","meta":{"footnotes":""},"class_list":["post-7099","page","type-page","status-publish","hentry"],"_links":{"self":[{"href":"https:\/\/www.amerilawyer.com\/blog\/wp-json\/wp\/v2\/pages\/7099","targetHints":{"allow":["GET"]}}],"collection":[{"href":"https:\/\/www.amerilawyer.com\/blog\/wp-json\/wp\/v2\/pages"}],"about":[{"href":"https:\/\/www.amerilawyer.com\/blog\/wp-json\/wp\/v2\/types\/page"}],"author":[{"embeddable":true,"href":"https:\/\/www.amerilawyer.com\/blog\/wp-json\/wp\/v2\/users\/2"}],"replies":[{"embeddable":true,"href":"https:\/\/www.amerilawyer.com\/blog\/wp-json\/wp\/v2\/comments?post=7099"}],"version-history":[{"count":0,"href":"https:\/\/www.amerilawyer.com\/blog\/wp-json\/wp\/v2\/pages\/7099\/revisions"}],"wp:attachment":[{"href":"https:\/\/www.amerilawyer.com\/blog\/wp-json\/wp\/v2\/media?parent=7099"}],"curies":[{"name":"wp","href":"https:\/\/api.w.org\/{rel}","templated":true}]}}