{"id":7012,"date":"2019-01-30T15:43:09","date_gmt":"2019-01-30T15:43:09","guid":{"rendered":"https:\/\/amerilawyer-blog.local\/?page_id=7012"},"modified":"2021-12-13T17:26:02","modified_gmt":"2021-12-13T22:26:02","slug":"crear-un-negocio","status":"publish","type":"page","link":"https:\/\/www.amerilawyer.com\/blog\/crear-un-negocio","title":{"rendered":"Como Crear Un Negocio: Requisitos Para Crear Una Empresa"},"content":{"rendered":"<div style=\"margin-left: 10%; margin-right: 10%; font-size: 17px\">\n<div align=\"center\">\n<h1 style=\"font-size: 40px; margin-bottom:0px; font-family:'arial black'\">Como Crear Un Negocio: Requisitos Para Crear Una Empresa<\/h1>\n<\/div>\n<div align=\"justify\">Al crear un negocio, hay muchas cuestiones importantes que debe tener en cuenta pero que quiz\u00e1s no conozca: diferentes ventajas fiscales disponibles para usted, indemnizaci\u00f3n y convenio de no demandar, requisitos de documentos federales, estatales y locales,  protecci\u00f3n de nombre, las opciones de configuraci\u00f3n de la estructura de la entidad, los acuerdos disponibles y la importancia de mantener los tr\u00e1mites corporativos y de la compa\u00f1\u00eda LLC y los registros completos, las revisiones de arrendamientos y los contratos. Hay muchos tipos diferentes de entidades comerciales; Las categor\u00edas principales incluyen corporaciones, compa\u00f1\u00edas de responsabilidad limitada, Asociaci\u00f3nes y organizaciones sin fines de lucro. Voy a entrar en detalles sobre lo que necesita saber de cada uno para que pueda tomar una decisi\u00f3n informada cuando comience un negocio.<\/div>\n<div align=\"center\" style=\"margin-bottom:0px; margin-top:30px\">Complete sus datos a continuaci\u00f3n y obtenga un <strong>Paquete de Informaci\u00f3n<\/strong> <font style=\"color: red; font-weight: bold\">GRATUITO<\/font>; conocimiento extremadamente valioso.<\/div>\n<div style=\"font-size: 12px; margin-top: 0px; border-radius:5px\">\n<!-- Shortcode [spanish-contact-form] does not exist -->\n<\/div>\n<h2 style=\"margin-bottom: 0px; margin-top: 30px; font-size: 24px; font-family:'arial black'\">Crear Una Corporaci\u00f3n<\/h2>\n<div align=\"justify\">Una corporaci\u00f3n es una entidad legal que recibe ciertos poderes del estado. Es propiedad de los accionistas que participan en las ganancias y p\u00e9rdidas de la corporaci\u00f3n. Est\u00e1 guiado por directores que act\u00faan como una especie de legislatura y que toman decisiones comerciales importantes de forma peri\u00f3dica. Estas decisiones son llevadas a cabo por el presidente de la corporaci\u00f3n y funcionarios como el secretario y el tesorero.<\/div>\n<div align=\"center\" style=\"margin-top: 30px\"><div align=\"center\">\r\n<div style=\"display:inline-block; border:none; border-radius: 5px 5px 0px 0px; margin-bottom:2px; width:99%; background: #000080; color: #FFFFFF; font-size: x-large\"><strong style=\"font-family:'arial black'\">COMENZANDO UNA CORPORACION<\/strong><\/div>\r\n<div style=\"display:inline-block; width:99%; margin-top:0px; margin-bottom:0px\">\r\n<table style=\"width:99%; margin-top:0px; border-collapse: collapse; border:0 important!; background-image: url('https:\/\/amerilawyer-blog.local\/wp-content\/uploads\/2019\/01\/slope-table-background.jpg');\">\r\n<tr><th style=\"width:33%; border:none; color: #FFFFFF; background-color: #000080; border-radius: 0px 0px 0px 0px;\">CON NOSOTROS<\/th>\r\n\t<th style=\"width:33%; border:none; color: #FFFFFF; background-color: #000080;\">COMPETIDOR<\/th>\r\n\t<th style=\"width:33%; border:none; color: #FFFFFF; background-color: #000080; border-radius: 0px 0px 0px 0px\">POR T\u00cd MISMO<\/th>\r\n\t<\/tr>\r\n<tr><td style=\"width:33%; border:none; text-align: left; height: 0px; \"><span style=\"color: #FF0000\">\u2714<\/span> \r\n\t<span style=\"background-color: #FFFF00; border-radius: 5px\">Incluye tarifa de presentaci\u00f3n del estado!<\/span><\/td>\r\n\t<td style=\"width:33%; text-align: left; border:none; height: 0px; \">\r\n\t\u2714 Articulos de incorporaci\u00f3n<\/td>\r\n\t<td style=\"width:33%; border:none; text-align: left; height: 0px; \">\r\n\t<span style=\"color: #000000\">\u2714<\/span> \r\n\tArticulos de incorporaci\u00f3n<\/td>\r\n\t<\/tr>\r\n<tr><td style=\"width:33%; text-align: left; border:none; height: 0px; \"><span style=\"color: #FF0000\">\u2714<\/span> Libro corporativo y sello<\/td>\r\n\t<td style=\"width:33%; border:none; text-align: left; \">\u2714 \r\n\tEstatutos<\/td><td style=\"width:33%; border:none;\"><\/td>\r\n\t<\/tr>\r\n<tr><td style=\"width:33%; border:none; text-align: left; height: 0px; \"><span style=\"color: #FF0000\">\u2714<\/span> \r\n\tArticulos de incorporaci\u00f3n<\/td>\r\n\t<td style=\"width:33%; border:none; text-align: left; \">\u2714 Despeje de Nombre Preliminar<\/td><td style=\"width:33%; border:none;\"><\/td>\r\n\t<\/tr>\r\n<tr><td style=\"width:33%; border:none; text-align: left; height: 0px; \"><span style=\"color: #FF0000\">\u2714<\/span> Minutos corporativos<\/td>\r\n\t<td style=\"width:33%; border:none; text-align: left; \">\u2718 No abogado; Sin asesoramiento legal<\/td><td style=\"width:33%; border:none;\"><\/td>\r\n\t<\/tr>\r\n<tr><td style=\"width:33%; border:none; text-align: left; height: 0px; \"><span style=\"color: #FF0000\">\u2714<\/span> Estatutos Sociales<\/td>\r\n\t<td style=\"width:33%; border:none; text-align: left; \">\u2718 \r\n\tNo hay kit corporativo completo<\/td><td style=\"width:33%; border:none;\"><\/td>\r\n\t<\/tr>\r\n<tr><td style=\"width:33%; border:none; text-align: left; height: 0px; \"><span style=\"color: #FF0000\">\u2714<\/span> Registro de propiedad<\/td>\r\n\t<td style=\"width:33%; border:none; text-align: left; \">\u2718 Cargos tarifa de presentaci\u00f3n del estado<\/td><td style=\"width:33%; border:none;\"><\/td>\r\n\t<\/tr>\r\n<tr><td style=\"width:33%; border:none; text-align: left; height: 0px; \"><span style=\"color: #FF0000\">\u2714<\/span> Resoluci\u00f3n Bancaria<\/td><td style=\"width:33%; border:none;\"><\/td><td style=\"width:33%; border:none;\"><\/td><\/tr>\r\n<tr><td style=\"width:33%; border:none; text-align: left; height: 0px; \"><span style=\"color: #FF0000\">\u2714<\/span> Stock Certificate<\/td><td style=\"width:33%; border:none;\"><\/td><td style=\"width:33%; border:none;\"><\/td><\/tr>\r\n<tr><td style=\"width:33%; border:none; text-align: left; height: 0px; \"><span style=\"color: #FF0000\">\u2714<\/span> Preliminary Name Search<\/td><td style=\"width:33%; border:none;\"><\/td><td style=\"width:33%; border:none;\"><\/td><\/tr>\r\n<tr><td style=\"width:33%; border:none; text-align: left; height: 0px; \"><span style=\"color: #FF0000\">\u2605<\/span> \r\n\tAsesoramiento legal gratuito<\/td><td style=\"width:33%; border:none;\"><\/td><td style=\"width:33%; border:none;\"><\/td><\/tr>\r\n\r\n<tr><td style=\"width:33%; border:none; text-align: left; height: 0px; \"><span style=\"color: #FF0000\">\u2605<\/span> \r\n\tGarant\u00eda de precio m\u00e1s bajo 110%<\/td><td style=\"width:33%; border:none; height: 0px;\"><\/td>\r\n\t<td style=\"width:33%; border:none; height: 0px;\"><\/td><\/tr>\r\n\t<tr style=\"margin-bottom:2px\">\r\n\t\t<th style=\"width:33%; margin-bottom: 2px; border:none; color: #FFFFFF; background-color: #FF0000; border-radius: 5px 5px 0px 0px; font-family:'arial black'; height: 0px;\">\r\n\t\t<a href=\"https:\/\/www.amerilawyer.com\/order.htm\" style=\"text-decoration: none\"><strong style=\"color: white\">ORDENAR AHORA<\/strong><\/a><\/th>\r\n\t<th style=\"width:33%; border:none; color: #FFFFFF; height: 0px;\"><\/th>\r\n\t<th style=\"width:33%; border:none; color: #FFFFFF; height: 0px;\">Spiegel & Utrera, P.A.<\/th>\r\n\t<\/tr>\r\n\t<tr style=\"margin-top:2px; border-top: 2px #ffffff\">\r\n\t\t<th style=\"width:33%; border:none; color: #FFFFFF; background-color: #000080; border-radius: 0px 0px 0px 5px\"><\/th>\r\n\t<th style=\"width:33%; border:none; color: #FFFFFF; background-color: #000080;\"><\/th>\r\n\t<th style=\"width:33%; border:none; color: #FFFFFF; background-color: #000080; color: white; border-radius: 0px 0px 5px 0px\">Spiegel & Utrera, P.A.<\/th>\r\n\t<\/tr>\r\n<\/table>\r\n<\/div>\r\n<\/div>\r\n<\/div>\n<h3 style=\"margin-bottom: 0px; margin-top: 20px; font-size: 24px; font-family:'arial black'\">Crear Una Asociaci\u00f3n<\/h3>\n<div align=\"justify\">Una asociaci\u00f3n es una organizaci\u00f3n no incorporada de dos o m\u00e1s personas o entidades. Est\u00e1 formado por socios que invierten y administran las operaciones del negocio mientras comparten las ganancias y las p\u00e9rdidas. Es esencial que los socios se sientan c\u00f3modos con las decisiones comerciales de los dem\u00e1s, considerando que si un socio entra en un acuerdo, tambi\u00e9n vincula al otro socio. Una sociedad general no tiene responsabilidad limitada, lo que significa que los acreedores pueden alcanzar los activos comerciales y personales de los socios. Por esta raz\u00f3n cr\u00edtica, recomendamos que los clientes formen una sociedad de responsabilidad limitada, una compa\u00f1\u00eda de responsabilidad limitada o una corporaci\u00f3n. Una sociedad general tampoco est\u00e1 sujeta a impuestos directos; en cambio, la sociedad debe presentar una declaraci\u00f3n y los socios asumen la responsabilidad por su parte de la ganancia o p\u00e9rdida de la sociedad en un formulario y en sus declaraciones individuales. Evitar el impuesto a nivel de entidad garantiza que los ingresos que fluyen en una sociedad general se graven una sola vez.<\/div>\n<style>\r\n.myButton {\r\n\t-moz-box-shadow: 1px 2px 0px 0px #939393;\r\n\t-webkit-box-shadow: 1px 2px 0px 0px #939393;\r\n\tbox-shadow: 1px 2px 0px 0px #939393;\r\n\tbackground:-webkit-gradient(linear, left top, left bottom, color-stop(0.05, #ff0000), color-stop(1, #e53737));\r\n\tbackground:-moz-linear-gradient(top, #ff00005%, #e53737100%);\r\n\tbackground:-webkit-linear-gradient(top, #ff00005%, #e53737100%);\r\n\tbackground:-o-linear-gradient(top, #ff00005%, #e53737100%);\r\n\tbackground:-ms-linear-gradient(top, #ff00005%, #e53737100%);\r\n\tbackground:linear-gradient(to bottom, #ff00005%, #e53737100%);\r\n\tfilter:progid:DXImageTransform.Microsoft.gradient(startColorstr='#ff7979', endColorstr='#e53737',GradientType=0);\r\n\tbackground-color:#000000;\r\n\t-moz-border-radius:5px;\r\n\t-webkit-border-radius:5px;\r\n\tborder-radius:5px;\r\n\tborder:1px solid #cdcdcd;\r\n\tdisplay:inline-block;\r\n\tcursor:pointer;\r\n\tcolor:FCFCFC;\r\n\tfont-family:Arial;\r\n\tfont-size:17px;\r\n\tfont-weight:bold;\r\n\tpadding:6px 22px;\r\n\ttext-decoration:none;\r\n\ttext-shadow:0px 1px 0px #cc5252;\r\nmargin-bottom: 20px;\r\n}\r\n.myButton:hover {\r\n\tbackground:-webkit-gradient(linear, left top, left bottom, color-stop(0.05, #e53737), color-stop(1, #700000));\r\n\tbackground:-moz-linear-gradient(top, #e537375%, #700000100%);\r\n\tbackground:-webkit-linear-gradient(top, #e537375%, #700000100%);\r\n\tbackground:-o-linear-gradient(top, #e537375%, #700000100%);\r\n\tbackground:-ms-linear-gradient(top, #e537375%, #700000100%);\r\n\tbackground:linear-gradient(to bottom, #e537375%, #700000100%);\r\n\tfilter:progid:DXImageTransform.Microsoft.gradient(startColorstr='#e537375', endColorstr='#700000',GradientType=0);\r\n\tbackground-color:#e53737;\r\n}\r\n.myButton:active {\r\n\tposition:relative;\r\n\ttop:1px;\r\n}\r\n<\/style>\n<div style=\"margin-top:10px\"><a href=\"https:\/\/www.amerilawyer.com\/order.htm\" class=\"myButton\" style=\"color: white; font-family: 'arial black'\">Crear una Asociaci\u00f3n<\/a><\/div>\n<h4 style=\"margin-bottom: 0px; margin-top: 20px; font-size: 24px; font-family:'arial black'\">Crear Una Corporaci\u00f3n Sin Fines De Lucro<\/h4>\n<div align=\"justify\">Una corporaci\u00f3n sin fines de lucro es una entidad comercial incorporada a nivel estatal donde no hay propietarios de capital que posean acciones. Adem\u00e1s, ninguno de los ingresos corporativos es distribuible a miembros, directores o funcionarios. En cambio, tales corporaciones sin fines de lucro generalmente son controladas por miembros que eligen una junta directiva.<\/div>\n<style>\r\n.myButton {\r\n\t-moz-box-shadow: 1px 2px 0px 0px #939393;\r\n\t-webkit-box-shadow: 1px 2px 0px 0px #939393;\r\n\tbox-shadow: 1px 2px 0px 0px #939393;\r\n\tbackground:-webkit-gradient(linear, left top, left bottom, color-stop(0.05, #ff0000), color-stop(1, #e53737));\r\n\tbackground:-moz-linear-gradient(top, #ff00005%, #e53737100%);\r\n\tbackground:-webkit-linear-gradient(top, #ff00005%, #e53737100%);\r\n\tbackground:-o-linear-gradient(top, #ff00005%, #e53737100%);\r\n\tbackground:-ms-linear-gradient(top, #ff00005%, #e53737100%);\r\n\tbackground:linear-gradient(to bottom, #ff00005%, #e53737100%);\r\n\tfilter:progid:DXImageTransform.Microsoft.gradient(startColorstr='#ff7979', endColorstr='#e53737',GradientType=0);\r\n\tbackground-color:#000000;\r\n\t-moz-border-radius:5px;\r\n\t-webkit-border-radius:5px;\r\n\tborder-radius:5px;\r\n\tborder:1px solid #cdcdcd;\r\n\tdisplay:inline-block;\r\n\tcursor:pointer;\r\n\tcolor:FCFCFC;\r\n\tfont-family:Arial;\r\n\tfont-size:17px;\r\n\tfont-weight:bold;\r\n\tpadding:6px 22px;\r\n\ttext-decoration:none;\r\n\ttext-shadow:0px 1px 0px #cc5252;\r\nmargin-bottom: 20px;\r\n}\r\n.myButton:hover {\r\n\tbackground:-webkit-gradient(linear, left top, left bottom, color-stop(0.05, #e53737), color-stop(1, #700000));\r\n\tbackground:-moz-linear-gradient(top, #e537375%, #700000100%);\r\n\tbackground:-webkit-linear-gradient(top, #e537375%, #700000100%);\r\n\tbackground:-o-linear-gradient(top, #e537375%, #700000100%);\r\n\tbackground:-ms-linear-gradient(top, #e537375%, #700000100%);\r\n\tbackground:linear-gradient(to bottom, #e537375%, #700000100%);\r\n\tfilter:progid:DXImageTransform.Microsoft.gradient(startColorstr='#e537375', endColorstr='#700000',GradientType=0);\r\n\tbackground-color:#e53737;\r\n}\r\n.myButton:active {\r\n\tposition:relative;\r\n\ttop:1px;\r\n}\r\n<\/style>\n<div style=\"margin-top:10px\"><a href=\"https:\/\/www.amerilawyer.com\/order.htm\" class=\"myButton\" style=\"color: white; font-family: 'arial black'\">Crear Una Corporaci\u00f3n Sin Fines De Lucro<\/a><\/div>\n<h5 style=\"margin-bottom: 0px; margin-top: 20px; font-size: 24px; font-family:'arial black'\">Crear Un Negocio de Responsabilidad Limitada<\/h5>\n<div align=\"justify\">La principal ventaja de la Sociedad de Responsabilidad Limitada (&#8220;LLC&#8221;) es que no est\u00e1 sujeta a las restricciones de propiedad impuestas a una corporaci\u00f3n de peque\u00f1a empresa (tambi\u00e9n conocida como Corporaci\u00f3n de Subcap\u00edtulo S). Una LLC puede tener m\u00e1s de 100 miembros o tan pocos como uno. Sus intereses pueden ser mantenidos por corporaciones, sociedades, extranjeros no residentes, fideicomisos, planes de pensiones y organizaciones caritativas. Si vas a crear un negocio, la LLC puede hacer asignaciones especiales, evitando as\u00ed el requisito de una sola clase de acciones aplicable a una corporaci\u00f3n S. Puede poseer m\u00e1s del 80% de las acciones de una corporaci\u00f3n y, por lo tanto, ser miembro de un grupo afiliado.<\/p>\n<p>La LLC es una entidad h\u00edbrida que es muy flexible y puede estar sujeta a impuestos como sociedad, corporaci\u00f3n o como propietario \u00fanico al tiempo que proporciona protecci\u00f3n de responsabilidad limitada para todos sus miembros. Para fines de impuestos federales, una LLC, como una sociedad o un propietario \u00fanico, es una entidad de transferencia y sus ingresos y p\u00e9rdidas se gravan solo a nivel de miembro. Sin embargo, todos los miembros de una LLC tienen responsabilidad limitada por las deudas y reclamaciones contra la LLC; Ning\u00fan miembro ser\u00e1 cargado con responsabilidad personal.<\/p>\n<\/div>\n<style>\r\n.myButton {\r\n\t-moz-box-shadow: 1px 2px 0px 0px #939393;\r\n\t-webkit-box-shadow: 1px 2px 0px 0px #939393;\r\n\tbox-shadow: 1px 2px 0px 0px #939393;\r\n\tbackground:-webkit-gradient(linear, left top, left bottom, color-stop(0.05, #ff0000), color-stop(1, #e53737));\r\n\tbackground:-moz-linear-gradient(top, #ff00005%, #e53737100%);\r\n\tbackground:-webkit-linear-gradient(top, #ff00005%, #e53737100%);\r\n\tbackground:-o-linear-gradient(top, #ff00005%, #e53737100%);\r\n\tbackground:-ms-linear-gradient(top, #ff00005%, #e53737100%);\r\n\tbackground:linear-gradient(to bottom, #ff00005%, #e53737100%);\r\n\tfilter:progid:DXImageTransform.Microsoft.gradient(startColorstr='#ff7979', endColorstr='#e53737',GradientType=0);\r\n\tbackground-color:#000000;\r\n\t-moz-border-radius:5px;\r\n\t-webkit-border-radius:5px;\r\n\tborder-radius:5px;\r\n\tborder:1px solid #cdcdcd;\r\n\tdisplay:inline-block;\r\n\tcursor:pointer;\r\n\tcolor:FCFCFC;\r\n\tfont-family:Arial;\r\n\tfont-size:17px;\r\n\tfont-weight:bold;\r\n\tpadding:6px 22px;\r\n\ttext-decoration:none;\r\n\ttext-shadow:0px 1px 0px #cc5252;\r\nmargin-bottom: 20px;\r\n}\r\n.myButton:hover {\r\n\tbackground:-webkit-gradient(linear, left top, left bottom, color-stop(0.05, #e53737), color-stop(1, #700000));\r\n\tbackground:-moz-linear-gradient(top, #e537375%, #700000100%);\r\n\tbackground:-webkit-linear-gradient(top, #e537375%, #700000100%);\r\n\tbackground:-o-linear-gradient(top, #e537375%, #700000100%);\r\n\tbackground:-ms-linear-gradient(top, #e537375%, #700000100%);\r\n\tbackground:linear-gradient(to bottom, #e537375%, #700000100%);\r\n\tfilter:progid:DXImageTransform.Microsoft.gradient(startColorstr='#e537375', endColorstr='#700000',GradientType=0);\r\n\tbackground-color:#e53737;\r\n}\r\n.myButton:active {\r\n\tposition:relative;\r\n\ttop:1px;\r\n}\r\n<\/style>\n<div style=\"margin-top:10px\"><a href=\"https:\/\/www.amerilawyer.com\/order.htm\" class=\"myButton\" style=\"color: white; font-family: 'arial black'\">Crear una Compa\u00f1\u00eda de Responsabilidad Limitada<\/a><\/div>\n<div style=\"border-top: solid 1px #000000; border-bottom: solid 1px #000000; background-color: #feffcf; padding-left: 30px; margin-top: 30px; border-radius:5px\">\n<h2 style=\"margin-bottom: 0px; margin-top: 20px; font-size: 30px; font-family:'arial black'\">Requisitos Para Crear Una Empreza<\/h2>\n<h6 align=\"justify\" style=\"font-size: 17px; font-weight:bold; margin-top:20px; margin-bottom:0px\">Requisitos para crear una Corporacion:<\/h6>\n<div style=\"margin-top:0px\">\n<div style=\"display:inline-block\">\n<ul>\n<li>Nombre de la corporaci\u00f3n<\/li>\n<li>Direcci\u00f3n del lugar principal de actividad.<\/li>\n<li>Prop\u00f3sito corporativo<\/li>\n<\/ul>\n<\/div>\n<div style=\"display:inline-block\">\n<ul>\n<li>Detalles sobre la estructura de acciones de la corporaci\u00f3n.<\/li>\n<li>Agente registrado (podemos ser su agente registrado)<\/li>\n<li>Nombres y direcciones de los incorporadores.<\/li>\n<\/ul>\n<\/div>\n<\/div>\n<h6 align=\"justify\" style=\"font-size: 17px; font-weight:bold; margin-top:10px; margin-bottom:0px\">Requisitos para crear una Compa\u00f1\u00eda de Responsabilidad Limitada:<\/h6>\n<div style=\"margin-top:0px\">\n<div style=\"display:inline-block\">\n<ul>\n<li>Art\u00edculos de Organizaci\u00f3n<\/li>\n<li>Nombre de Empresa<\/li>\n<li>Prop\u00f3sito de la Empresa<\/li>\n<\/ul>\n<\/div>\n<div style=\"display:inline-block\">\n<ul>\n<li>Direcci\u00f3n principal y postal<\/li>\n<li>Agente Registrado<\/li>\n<li>La Estructura de Gestion<\/li>\n<\/ul>\n<\/div>\n<\/div>\n<\/div>\n<h6 style=\"margin-bottom: 0px; margin-top: 40px; font-size: 24px; font-family:'arial black'\">\u00bfPor qu\u00e9 elegirnos para incorporar y crear una empreza?<\/h6>\n<div align=\"justify\">Spiegel &#038; Utrera, P.A. le brinda informaci\u00f3n, orientaci\u00f3n y asesoramiento en base a nuestros 175 a\u00f1os de experiencia legal. El uso de un bufete de abogados para incorporar y organizar su Corporaci\u00f3n, LLC, Sin fines de lucro o asociaci\u00f3n asegurar\u00e1 que todas sus bases est\u00e9n cubiertas.<\/p>\n<p><strong>Obtiene incorporaci\u00f3n, un kit corporativo completo y asesoramiento legal por casi el mismo precio que si lo hiciera usted mismo.<\/strong> Ll\u00e1menos al <a href=\"tel:1-800-603-3900\">1-800-603-3900<\/a> para hacer un pedido por tel\u00e9fono, hacer cualquier pregunta o comenzar su negocio en l\u00ednea:<\/p>\n<\/div>\n<table>\n<tr style=\"border:none\">\n<td style=\"border:none\">\n<div style=\"margin-top:10px; margin-bottom:0px; display:inline-block\">\n<div style=\"margin-top:0px\">\n<b>Cada Corporaci\u00f3n o Compa\u00f1\u00eda de Responsabilidad Limitada es COMPLETA<\/b><br \/>\n<u style=\"color:red; font-weight:bold\">INCLUYE<\/u> Tarifa de presentaci\u00f3n estatal,<br \/>\n<u style=\"color:red; font-weight:bold\">INCLUYE<\/u> Sello y libro corporativo o de la empresa<br \/>\n<u style=\"color:red; font-weight:bold\">INCLUYE<\/u> Certificado o Art\u00edculos de Incorporaci\u00f3n u Organizaci\u00f3n<br \/>\n<u style=\"color:red; font-weight:bold\">INCLUYE<\/u> Minutos de la empresa o corporativos<br \/>\n<u style=\"color:red; font-weight:bold\">INCLUYE<\/u> Regulaciones corporativas o LLC<br \/>\n<u style=\"color:red; font-weight:bold\">INCLUYE<\/u> Registro de propiedad corporativa o LLC<br \/>\n<u style=\"color:red; font-weight:bold\">INCLUYE<\/u> Resoluci\u00f3n Bancaria<br \/>\n<u style=\"color:red; font-weight:bold\">INCLUYE<\/u> Membres\u00eda o certificado de acciones<br \/>\n<u style=\"color:red; font-weight:bold\">INCLUYE<\/u> B\u00fasqueda de nombre preliminar<br \/>\n<u style=\"color:red; font-weight:bold\">INCLUYE<\/u> Garant\u00eda de precio m\u00e1s bajo 110% <em style=\"font-weight:bold\">!<\/em><\/p>\n<p>S\u00ed, incluso <u style=\"font-weight:bold\">INCLUYE asesoramiento legal gratuito<\/u> <\/p>\n<p style=\"margin-top:-10px; font-weight:bold\"><a href=\"https:\/\/www.amerilawyer.com\/incredibleprices.htm\">\u00bfCu\u00e1l es el secreto de estos precios tan buenos?<\/a><\/p>\n<style>\r\n.myButton {\r\n\t-moz-box-shadow: 1px 2px 0px 0px #939393;\r\n\t-webkit-box-shadow: 1px 2px 0px 0px #939393;\r\n\tbox-shadow: 1px 2px 0px 0px #939393;\r\n\tbackground:-webkit-gradient(linear, left top, left bottom, color-stop(0.05, #ff0000), color-stop(1, #e53737));\r\n\tbackground:-moz-linear-gradient(top, #ff00005%, #e53737100%);\r\n\tbackground:-webkit-linear-gradient(top, #ff00005%, #e53737100%);\r\n\tbackground:-o-linear-gradient(top, #ff00005%, #e53737100%);\r\n\tbackground:-ms-linear-gradient(top, #ff00005%, #e53737100%);\r\n\tbackground:linear-gradient(to bottom, #ff00005%, #e53737100%);\r\n\tfilter:progid:DXImageTransform.Microsoft.gradient(startColorstr='#ff7979', endColorstr='#e53737',GradientType=0);\r\n\tbackground-color:#000000;\r\n\t-moz-border-radius:5px;\r\n\t-webkit-border-radius:5px;\r\n\tborder-radius:5px;\r\n\tborder:1px solid #cdcdcd;\r\n\tdisplay:inline-block;\r\n\tcursor:pointer;\r\n\tcolor:FCFCFC;\r\n\tfont-family:Arial;\r\n\tfont-size:17px;\r\n\tfont-weight:bold;\r\n\tpadding:6px 22px;\r\n\ttext-decoration:none;\r\n\ttext-shadow:0px 1px 0px #cc5252;\r\nmargin-bottom: 20px;\r\n}\r\n.myButton:hover {\r\n\tbackground:-webkit-gradient(linear, left top, left bottom, color-stop(0.05, #e53737), color-stop(1, #700000));\r\n\tbackground:-moz-linear-gradient(top, #e537375%, #700000100%);\r\n\tbackground:-webkit-linear-gradient(top, #e537375%, #700000100%);\r\n\tbackground:-o-linear-gradient(top, #e537375%, #700000100%);\r\n\tbackground:-ms-linear-gradient(top, #e537375%, #700000100%);\r\n\tbackground:linear-gradient(to bottom, #e537375%, #700000100%);\r\n\tfilter:progid:DXImageTransform.Microsoft.gradient(startColorstr='#e537375', endColorstr='#700000',GradientType=0);\r\n\tbackground-color:#e53737;\r\n}\r\n.myButton:active {\r\n\tposition:relative;\r\n\ttop:1px;\r\n}\r\n<\/style>\n<div align=\"left\" style=\"margin-top:10px\"><a href=\"https:\/\/www.amerilawyer.com\/order.htm\" class=\"myButton\" style=\"color: white; font-family: 'arial black'\">\u00a1CREA TU NEGOCIO AHORA!<\/a><\/div>\n<\/div>\n<\/div>\n<\/td>\n<td style=\"border:none;\">\n<img loading=\"lazy\" decoding=\"async\" src=\"https:\/\/amerilawyer-blog.local\/wp-content\/uploads\/2019\/01\/corporate-kit400x400-1.png\" alt=\"crear-un-negocio\" width=\"400\" height=\"400\" class=\"alignnone size-full wp-image-5828\" srcset=\"https:\/\/www.amerilawyer.com\/blog\/wp-content\/uploads\/2019\/01\/corporate-kit400x400-1.png 400w, https:\/\/www.amerilawyer.com\/blog\/wp-content\/uploads\/2019\/01\/corporate-kit400x400-1-150x150.png 150w, https:\/\/www.amerilawyer.com\/blog\/wp-content\/uploads\/2019\/01\/corporate-kit400x400-1-300x300.png 300w, https:\/\/www.amerilawyer.com\/blog\/wp-content\/uploads\/2019\/01\/corporate-kit400x400-1-144x144.png 144w\" sizes=\"auto, (max-width: 400px) 100vw, 400px\" \/>\n<\/td>\n<\/tr>\n<\/table>\n<div style=\"border-top: solid 1px #000000\"><\/div>\n<div align=\"center\" style=\"margin-top:30px\">\n<div style=\"font-family:'arial black'; font-size:36px; margin-bottom:0px; background-color: #ffffff; color: black; width: 50%; padding-left: 10px; padding-right: 10px; border-radius: 5px 5px 0px 0px\">Spiegel &#038; Utrera, P.A.<\/div>\n<div style=\"border: solid 2px #ffffff; width: 50%; padding: 10px\">\nD\u00edas de semana de 8:30am a 5:30pm (EST)<br \/>\n<a href=\"https:\/\/www.amerilawyer.com\/paygc.htm\"><br \/>\nAsesoramiento legal ilimitado: $139.95 Por a\u00f1o<\/a><br \/>\n<a href=\"https:\/\/www.amerilawyer.com\/contact.htm\">9 ubicaciones en 9 estados americanos<\/a><br \/>\n<a href=\"tel:1-800-603-3900\">1-800-603-3900<\/a>\n<\/div>\n<\/div>\n<\/div>\n<div style=\"font-size:11px\">\n<div align=\"center\" style=\"margin-left:10%; margin-right:10%; margin-top:30px\">\r\n<div align=\"center style=\"margin-bottom: 0px\"><span itemscope=\"\" itemtype=\"http:\/\/data-vocabulary.org\/Review\">\r\n<meta content=\"Spiegel & Utrera, P.A.\" itemprop=\"itemreviewed\">\r\n<meta content=\"5\" itemprop=\"rating\">\r\n<span itemprop=\"reviewer\">Gonzalo Estrada<\/span><\/span><\/div>\r\n<p style=\"margin-top:0px; font-size:20px; color: #fbbc04\">\u2605\u2605\u2605\u2605\u2605<\/p>\r\n<div style=\"margin-top:-20px\"><span itemprop=\"description\"><em>Great service, great price. Very professional law firm.  Staff Is extremely helpful and knowledgeable. Thank you Spiegel & Utrera for helping  me start my company.<\/em><\/span><\/div><\/div>\n<\/div>\n<\/div>\n","protected":false},"excerpt":{"rendered":null,"protected":false},"author":2,"featured_media":0,"parent":0,"menu_order":0,"comment_status":"closed","ping_status":"closed","template":"template\/full-width.php","meta":{"footnotes":""},"class_list":["post-7012","page","type-page","status-publish","hentry"],"_links":{"self":[{"href":"https:\/\/www.amerilawyer.com\/blog\/wp-json\/wp\/v2\/pages\/7012","targetHints":{"allow":["GET"]}}],"collection":[{"href":"https:\/\/www.amerilawyer.com\/blog\/wp-json\/wp\/v2\/pages"}],"about":[{"href":"https:\/\/www.amerilawyer.com\/blog\/wp-json\/wp\/v2\/types\/page"}],"author":[{"embeddable":true,"href":"https:\/\/www.amerilawyer.com\/blog\/wp-json\/wp\/v2\/users\/2"}],"replies":[{"embeddable":true,"href":"https:\/\/www.amerilawyer.com\/blog\/wp-json\/wp\/v2\/comments?post=7012"}],"version-history":[{"count":0,"href":"https:\/\/www.amerilawyer.com\/blog\/wp-json\/wp\/v2\/pages\/7012\/revisions"}],"wp:attachment":[{"href":"https:\/\/www.amerilawyer.com\/blog\/wp-json\/wp\/v2\/media?parent=7012"}],"curies":[{"name":"wp","href":"https:\/\/api.w.org\/{rel}","templated":true}]}}